 17a9a2 + 0?
17a9a2
In base 11, what is -230 - 767a9?
-76a29
In base 16, what is 22 - 535d57?
-535d35
In base 4, what is -1 - -10321101020?
10321101013
In base 8, what is 1706507555 + -1?
1706507554
In base 8, what is -3 - 173062714?
-173062717
In base 2, what is -110101001000010111100110 + -11?
-110101001000010111101001
In base 14, what is 61ac - -53b?
6709
In base 9, what is -1857437 + -5?
-1857443
In base 12, what is -a5b293 + -1?
-a5b294
In base 12, what is -6b - -b9873?
b9804
In base 8, what is 24042 - -6477?
32541
In base 9, what is -3005357 + 40?
-3005317
In base 11, what is 3 + -1166a658?
-1166a655
In base 6, what is -1320442 - -3440?
-1313002
In base 3, what is -201011100222 - 20100?
-201011121022
In base 15, what is 2d95143 - -2?
2d95145
In base 10, what is -3691 + -4532?
-8223
In base 2, what is 1 - -10000011000111101000000010?
10000011000111101000000011
In base 8, what is 5 + -243446515?
-243446510
In base 3, what is 110 - 21211112111020?
-21211112110210
In base 12, what is -b77 - 127b94?
-128b4b
In base 10, what is -11379 - -3648?
-7731
In base 15, what is -18 - -23d252?
23d239
In base 10, what is 20 - 333089?
-333069
In base 7, what is -2500521 + 156?
-2500332
In base 2, what is -101010001101010 + -1001110100111?
-110100000010001
In base 2, what is -100100010111000 + -101100001100?
-101001111000100
In base 11, what is 10 + 62a588?
62a598
In base 13, what is 1a - -7972b75?
7972b92
In base 6, what is -101 - -4404441?
4404340
In base 15, what is 0 + -12ed5ea5?
-12ed5ea5
In base 5, what is 12 - 34103403?
-34103341
In base 15, what is -4081 - 14b?
-41cc
In base 13, what is 4 - -2285c5?
2285c9
In base 7, what is 311160 - 5462?
302365
In base 13, what is 6627 - 827?
5b00
In base 8, what is -65 - -16562361?
16562274
In base 5, what is -1313340242 + 4?
-1313340233
In base 15, what is -5cc6b85 - 5?
-5cc6b8a
In base 11, what is 7128 - -7943?
13a70
In base 16, what is 15 - -3983c?
39851
In base 3, what is -101010212210222 - -2200?
-101010212201022
In base 10, what is 3193563935 - 5?
3193563930
In base 9, what is -5582 + -37112?
-43704
In base 6, what is -33215 + 3212?
-30003
In base 11, what is -1388 - a26?
-2303
In base 14, what is 8c57 - 3350?
5907
In base 12, what is a9b8a92 + 18?
a9b8aaa
In base 6, what is -1521520445 - -4?
-1521520441
In base 5, what is 221111032304 + 10?
221111032314
In base 4, what is -1121 + -32203222?
-32211003
In base 11, what is 12606 - 3249?
a368
In base 13, what is -1151c80 - 3?
-1151c83
In base 5, what is 2422413013 + 1?
2422413014
In base 16, what is -40b + -7b6?
-bc1
In base 12, what is 5 + 30901?
30906
In base 2, what is 10111001 - -10101010100101000111101?
10101010100101011110110
In base 5, what is -10143001 + -13?
-10143014
In base 5, what is -141132321243 + -10?
-141132321303
In base 15, what is 153bd08b - -1?
153bd08c
In base 16, what is 10b23 + -118?
10a0b
In base 14, what is -24b + 2406b?
23c20
In base 11, what is -1a52 - -5387?
3435
In base 12, what is -88b7730 + -22?
-88b7752
In base 14, what is -3 - 314d0c0?
-314d0c3
In base 2, what is 11 + 10010100010111001100111?
10010100010111001101010
In base 13, what is 9999 - -b5b?
a827
In base 13, what is -2b990 + -783?
-2c443
In base 15, what is -36a8 + 4cc?
-31cb
In base 2, what is 101111 + 1100111001111110000?
1100111010000011111
In base 15, what is -14b7 + -97e7?
-acae
In base 5, what is 1411312242 + 3?
1411312300
In base 8, what is 15 + 12564033?
12564050
In base 16, what is 5 - -3c61b43?
3c61b48
In base 16, what is 24e3ec + 3?
24e3ef
In base 11, what is -709020 + 87?
-708a44
In base 8, what is 12 + 3653525?
3653537
In base 9, what is 3 + 21220278?
21220282
In base 13, what is -5 - 20627731?
-20627736
In base 15, what is -432 - -418b5?
41483
In base 15, what is 702d - cc2?
625b
In base 5, what is -13234223 + 10?
-13234213
In base 5, what is -10 - 103431001023?
-103431001033
In base 15, what is 1 - 33e5?
-33e4
In base 5, what is 14000 - 214320?
-200320
In base 6, what is -500001554 + -104?
-500002102
In base 12, what is 36aa2a9 + 2?
36aa2ab
In base 12, what is 47 - -510348?
510393
In base 2, what is -110 + 1000001011010010100100011110?
1000001011010010100100011000
In base 6, what is -534 - 2544?
-3522
In base 2, what is -110100101101100001011010 - 1?
-110100101101100001011011
In base 12, what is 644099 - -12?
6440ab
In base 13, what is 41753 + -42?
41711
In base 6, what is -15 - -12015525?
12015510
In base 11, what is -201 + -381580?
-381781
In base 3, what is -211 - 1000212002012?
-1000212010000
In base 9, what is 34 - -58384066?
58384111
In base 5, what is -3131232020 + 4?
-3131232011
In base 6, what is -50332 - -30032?
-20300
In base 15, what is -c5 - -33a602?
33a52c
In base 11, what is -10 + 41358504?
413584a4
In base 2, what is -100011101100 - -1101101000?
-10110000100
In base 11, what is -196902 + 1562?
-195350
In base 15, what is 1348 - 44c85?
-4393c
In base 13, what is -6782 - 71c?
-71a1
In base 4, what is -31023221 + 1000101?
-30023120
In base 14, what is 5 + -8bd4d2?
-8bd4cb
In base 6, what is 4 - -10530000?
10530004
In base 7, what is 23 - -15106514?
15106540
In base 11, what is 1129 + 5619?
6747
In base 2, what is -10000011011 - -110110001111?
100101110100
In base 3, what is -111 + 2022001101222?
2022001101111
In base 2, what is 1 + -10110001101010010110101001?
-10110001101010010110101000
In base 15, what is -d - 51d3640?
-51d364d
In base 16, what is 9f1e4 + 5?
9f1e9
In base 14, what is 361203c - -1?
361203d
In base 5, what is 1133113442 - -33?
1133114030
In base 3, what is 1120202 + -1220022?
-22120
In base 9, what is -2 - 140117371?
-140117373
In base 10, what is 30 + 8751847?
8751877
In base 12, what is -12806831 - 0?
-12806831
In base 13, what is b36 - 1a432?
-195c9
In base 14, what is 3 - 33835?
-33832
In base 8, what is -607054 - -20?
-607034
In base 16, what is 7d6d966 - 5?
7d6d961
In base 15, what is -4bb - 11553?
-11a1e
In base 8, what is 5 + -335356452?
-335356445
In base 12, what is -21b408 - 88?
-21b494
In base 16, what is 2b92 + 8dde?
b970
In base 13, what is -2453 - c81?
-3404
In base 15, what is -4 - -34382c7?
34382c3
In base 3, what is -2011021 - -110222100?
101211002
In base 13, what is -2c9 + 9533?
9237
In base 12, what is -102946a5 + 2?
-102946a3
In base 4, what is 112323120 - 1211?
112321303
In base 4, what is -2303112 - 23313?
-2333031
In base 9, what is 31136 + 10380?
41526
In base 15, what is -5ca42a - 12?
-5ca43c
In base 15, what is 0 + 1115a12?
1115a12
In base 8, what is 5724 + -17553?
-11627
In base 11, what is 44544 - 99?
44456
In base 9, what is 208082 + -326?
207655
In base 15, what is 2 + 43dc705?
43dc707
In base 10, what is -1220 + -475?
-1695
In base 5, what is 120443023314 + 10?
120443023324
In base 13, what is 5 + -1b4386a?
-1b43865
In base 7, what is 2 - 6463355?
-6463353
In base 6, what is -30315513 - 10?
-30315523
In base 3, what is 20201222202101112 - 20?
20201222202101022
In base 5, what is 2 + -213341431?
-213341424
In base 5, what is -10 - -2240131132?
2240131122
In base 2, what is 100011111 - -11011110100011100011?
11011110101000000010
In base 15, what is 1454 + 124e?
26a3
In base 5, what is -332423 + 234411?
-43012
In base 5, what is -12132 + 22142244?
22130112
In base 8, what is 1252 + 40055?
41327
In base 11, what is -165 + 565?
400
In base 5, what is -33311303 - 11304?
-33323112
In base 6, what is 2225 + 14112403?
14115032
In base 11, what is -3 + -929a5?
-929a8
In base 3, what is -1000 + 112021202221020?
112021202220020
In base 12, what is -154177a9 - -3?
-154177a6
In base 3, what is 10210011011 + 20000?
10210101011
In base 2, what is 101000001010000010110 + -1101?
101000001010000001001
In base 7, what is 2560032 + -162?
2556540
In base 13, what is -8 - -7b4564?
7b4559
In base 11, what is -3106633 - -5a?
-3106584
In base 2, what is -11001010111110 + -100001011100?
-11101100011010
In base 9, what is -30616 - 6106?
-36723
In base 5, what is -124104444330 - 11?
-124104444341
In base 7, what is -2042 + -4032?
-6104
In base 13, what is -41ab - 14?
-41c2
In base 15, what is 2c078d + 10?
2c079d
In base 7, what is 263 - -2050541?
2051134
In base 10, what is -1850715 - -74?
-1850641
In base 7, what is -42 - -1161360?
1161315
In base 14, what is c972b8b - 3?
c972b88
In base 8, what is -10412516 - 77?
-